be a*5/20*66. Suppose 3*z - 190 = -4*v + l, -z + 5*v = -49. What is the units digit of z?
9
Let u(i) = -i**3 + 5*i**2 - 4*i + 2. Let g be u(4). What is the units digit of (-5)/g*(-2010)/75?
7
Let b(x) = 3*x**2 - 5*x + 12. Let s be b(5). Suppose 2*t + s = y, -2*y - 3*y - 3*t = -245. What is the tens digit of y?
5
Let q(k) = k + 6. Suppose 2*w - 16 = -2*g, 4 = 3*g + 4*w - 19. Suppose 2*u - u - 3*h = -4, 0 = -3*h + g. What is the tens digit of q(u)?
1
Let n(f) = 2*f**2 - 6*f + 8. Let z be n(6). Suppose -2 = x - z. What is the units digit of (-3 + x)/3*1?
3
Let x = 75 - -85. Let y = -101 + x. What is the units digit of y?
9
Suppose -9 = -g - 2*g. Suppose -a - 4*l = -2*a - 19, -4*a + g*l - 11 = 0. What is the units digit of 0 - a - 80/(-4)?
9
Let f(k) = -2*k - 15. Let i(u) = 5*u + 44. Let w(z) = 8*f(z) + 3*i(z). What is the units digit of w(7)?
5
Let w(h) = 7*h**2 - 8*h - 8. What is the units digit of w(12)?
4
Suppose 3*o = 4*m + 18 - 70, 2*m - 48 = -4*o. What is the hundreds digit of ((-472)/m)/(2/(-12))?
1
Suppose -p + 2 = -2. What is the units digit of 22/4 + (-6)/p?
4
Suppose 11*p = 10*p + 3. Suppose p*z - 4*m - 322 = 0, -3*z + 275 + 77 = 2*m. What is the units digit of z?
4
Let m = 3178 - 1792. What is the tens digit of m?
8
Let o = 615 - -126. What is the tens digit of o?
4
Let n(y) = 532*y + 2. Let a be n(-1). What is the tens digit of 4/(-6) - a/30?
1
What is the hundreds digit of (-4162)/(11 + -13) + (-1 - 4)?
0
Let l = 726 - -271. What is the units digit of l?
7
Suppose 0 = -36*a + 29*a + 10472. What is the tens digit of a?
9
Let w = 70 + -69. Let y(f) = f**3 + f**2 - 1. Let z be y(0). What is the units digit of w + 26 - (z - -1)?
7
Let c = 136 - 87. Let m = c - 37. What is the tens digit of m?
1
Suppose -q + 10 = 5*a, a + 4*q = 19 + 2. Suppose 6 = -4*t - 5*z, 0 = -2*t - 5*z + 3 - a. What is the units digit of t - ((-6)/(-2) + -8)?
1
What is the tens digit of 13/((-1)/52*1/(-2))?
5
Let s(q) = -95*q**3 + 6*q**2 + 18*q + 7. Let k(b) = 16*b**3 - b**2 - 3*b - 1. Let y(r) = 34*k(r) + 6*s(r). What is the units digit of y(-2)?
2
Let c(g) = 279*g - 220. What is the hundreds digit of c(6)?
4
Suppose -4*g = -2*n - 96 - 28, -4*g = -n - 72. Let j = n - -115. What is the tens digit of j?
6
Suppose -4*j - u = -7985, 4*j - 7641 - 341 = 2*u. What is the tens digit of j?
9
Let j(i) = 2*i**2 - 10*i + 23. What is the hundreds digit of j(-11)?
3
Suppose 5*y - 3*z = 2841, -3*y + 1153 = -z - 554. What is the units digit of y?
0
Let y(l) = 3*l**3 - 9*l**2 + 25*l - 8. What is the hundreds digit of y(7)?
7
Let i(c) = 8*c**2 - 5*c - 250. What is the hundreds digit of i(29)?
3
Suppose 10 + 11 = -3*q. What is the tens digit of q/((-28)/516) + -4?
2
Suppose -59*p + 62*p = 2*j + 3694, -4*p - 5*j = -4887. What is the units digit of p?
8
Suppose 20 = -m - 19. Let d = m - -54. What is the units digit of d?
5
What is the tens digit of (6 - 4150/(-60)) + (-5)/(-6)?
7
Suppose 610*u = 620*u - 16230. What is the units digit of u?
3
Suppose -4*d = 3*f - 7245, -5*d + 4*f = -4*d - 1816. What is the thousands digit of d?
1
Let q be -4 + (-7)/((-21)/(-522)). Let v = q - -267. What is the units digit of v?
9
Let o = -42 + 22. What is the units digit of 30*(32/o - -2)?
2
Suppose 1529 + 443 = 17*q. What is the units digit of q?
6
Suppose -220600 = 15*h - 115*h. What is the units digit of h?
6
Let h = -8 + 8. Suppose 0 = -4*f + 4 - h. Suppose 0 = -2*c, -s = -3*c - f - 9. What is the units digit of s?
0
Suppose -3*k = 3*k - 54. Suppose -14*x + k*x + 680 = 0. What is the units digit of x?
6
Let u = -17 + 24. Suppose 3*f = -4*d + u, -2*f + 2*d = -2*d - 18. Suppose f*h - 92 = -4*z, z + 2*h - 3*h - 23 = 0. What is the tens digit of z?
2
Suppose -2*f + 232 = -4*t, -f - 119 = -2*f + 3*t. What is the hundreds digit of f?
1
Suppose -4*x - 4*u + 16 = 0, u + 2 = 2*x - x. Suppose c - 37 = -5*m, -x*c - m + 1 = -124. What is the tens digit of c?
4
Let i(u) = -u**3 + 6*u**2 + 8*u - 10. Let v be i(7). Let a be 4 - (-12)/(0 + v). Suppose a*x - x = -34. What is the units digit of x?
4
Suppose -v + 212 = -f - 57, -4*v = 4*f - 1108. What is the hundreds digit of v?
2
Let p(n) = -n**3 - 33*n**2 - 68*n + 55. What is the units digit of p(-31)?
1
Let r(u) = 2*u**2 + 6*u + 4. What is the tens digit of r(16)?
1
Let k(c) be the first derivative of 7*c + 2/3*c**3 + 4*c**2 + 6. What is the tens digit of k(-6)?
3
Let n = -2060 + 3139. What is the hundreds digit of n?
0
Suppose r - 1192 = -4*r + 2*u, 0 = 2*r - 4*u - 464. What is the hundreds digit of r?
2
Suppose 3*m - 97 = -2*s + 4393, -4490 = -2*s + m. What is the hundreds digit of s?
2
Let r be 120/55 - (-2)/(-11). Let s(c) = -4*c**r + 2 + c**3 - 9*c + 5*c**2 - 5*c**2. What is the units digit of s(6)?
0
Suppose 744 = l - 4*w, -3*w = -5*w. What is the tens digit of l?
4
Suppose 14*l - 267 = 13*l. Suppose l + 113 = 5*y. What is the units digit of y?
6
Let u = 10 - 5. Suppose -4*c + 35 = -u*c. Let o = c + 51. What is the units digit of o?
6
Suppose 4*b - 4*d = 3236, 3 + 7 = -5*d. What is the tens digit of b?
0
Let l(i) = -2*i - 24. Let o be l(-23). Suppose g + 4*m - o = 6, 4*m - 100 = -3*g. What is the units digit of g?
6
Let h(j) = j**2 - j + 42. Let l(y) be the third derivative of y**4/8 + 2*y**3 + 2*y**2. Let a be l(-4). What is the tens digit of h(a)?
4
Let i = -744 - -1069. What is the tens digit of i?
2
Let l be (-3 - -7)/((-4)/(-12)). Let o be (l/8)/((-2)/(-4)). Suppose -20 - 79 = -o*w. What is the units digit of w?
3
What is the hundreds digit of (1120/(-128) - 6/8)*-246?
3
Let w(g) = g**3 + 16*g**2 + 14*g + 102. What is the units digit of w(-14)?
8
Let m = 1349 - -520. What is the tens digit of m?
6
Let s(n) = -15*n + 12. Let j be s(-5). What is the units digit of j*(-1)/(-2)*2?
7
Let i(t) = -t**3 + 13*t**2 + 3*t + 4. Suppose 14 = 2*n + 3*k - 0*k, k = -2*n + 22. What is the tens digit of i(n)?
4
Suppose -16*m = -9*m - 7. What is the tens digit of (-2850)/(-9) + (-5)/3 + m?
1
Let s = 2480 - 1297. What is the hundreds digit of s?
1
Let v = 8990 - 5694. What is the hundreds digit of v?
2
Let c(t) = -t**2 - 10*t + 12. Let l be c(-9). Suppose -4*m - l + 109 = -4*q, 0 = 4*m - q - 76. What is the units digit of (-12)/m + 26/3?
8
Let i = -55 + 77. Let h = 7 - i. What is the units digit of (h/6 - -2)*-16?
8
Let g(c) = -c - 7. Let h be g(-7). Suppose 5*d + 2*l - 297 = 0, -2*d + h*l - l = -119. What is the tens digit of d?
5
Let p(v) = v**2 + 8*v - 16. Let l be -15 - (-2 - (-1 + 2)). Let q be p(l). Let m = -7 + q. What is the units digit of m?
5
Let b(k) = -k**2 + 8*k - 4. Let p be 96/15 + (-4)/10. Let z be b(p). Suppose -y + 3 + z = -3*r, 2*y + 2*r = 46. What is the tens digit of y?
2
Let d(w) = 10*w. Let t be d(2). Suppose 0 = 5*v - t - 95. Let q = v - 18. What is the units digit of q?
5
Suppose -p - 3*v = v + 18, 3*p + 4*v = -14. Suppose -2*i = p*i - 200. What is the units digit of i?
0
Let o be 1/(-5) - 1330/(-25). Let g be (-5 - -6)*(7 + -2). What is the units digit of (-3)/5 + o/g?
0
Let c = -81 - -181. Let o = c - 53. What is the tens digit of o?
4
Suppose 4*k - 75 = -443. Let m = -39 - k. What is the tens digit of m?
5
Suppose 4*v + 2*u = 4*u + 1256, -3*u + 1236 = 4*v. What is the units digit of v?
2
Let w(b) = -2*b + 1. Let x be w(-1). Let m be x*((-39)/9 + -2). Let y = 20 + m. What is the units digit of y?
1
Suppose -517*n + 519*n - 624 = 0. What is the hundreds digit of n?
3
Suppose -j + 20*n = 19*n - 1529, -3*j = 5*n - 4555. What is the thousands digit of j?
1
Suppose -4*b = z - 390, -11*b = 4*z - 13*b - 1650. What is the hundreds digit of z?
4
Let v(m) = 8*m**2 - 9*m + 12 - 22 - 18*m**3 + 17*m**3. Let n(b) = b**2 - b - 1. Let u(o) = 4*n(o) - v(o). What is the units digit of u(5)?
6
Suppose 100 = -5*t + 2*d, 3*d + 13 = 5*t + 108. What is the units digit of 1/(2 + 42/t)?
1
Suppose -5*t + 4*t = 21. Let z = t - -23. Suppose 0 = -3*m - 3, -m - 2*m - 69 = -z*n. What is the tens digit of n?
3
Suppose 0 = 5*h - 4*m - 725, -156 = -h - 0*m + 3*m. Suppose 3*y - 136 = -4*z - y, 4*z - y - h = 0. What is the units digit of z + (-2 - (-8)/(-4))?
1
Let u = 174 + -119. Let r = u - 20. What is the units digit of r?
5
Suppose -w + 2*g + 100 = 0, -2*w - 12*g + 194 = -10*g. What is the tens digit of w?
9
Let u = 51 + -10. Let a be (1*10)/(16/152). Let g = a - u. What is